tors of c.
2
Let v(s) = -10*s**3 + s**2 + 4*s + 6. Let m be v(-4). Suppose 2*w = -2*k + m, 0 = -3*k + w + 214 + 759. Suppose -6*a + k = -60. What are the prime factors of a?
2
Suppose g - 2*s - 3 = -41, 5*g = -2*s - 130. Let o be (g/(-7))/(4/38). Suppose 4*x = 5*z + 120, 3*x - 53 = 4*z + o. What are the prime factors of x?
5
Suppose -5*o + 1182 = -r, 76 = -2*o + 5*r + 535. List the prime factors of o.
3, 79
Let z be (14 + -2)*-7*2/(-4). Let c = z + 148. What are the prime factors of c?
2, 5, 19
Let p(u) be the second derivative of u**3/6 - 6*u**2 + 7*u. Let t be p(9). Let v(r) = -2*r**3 + 2*r + 1. List the prime factors of v(t).
7
Let y(m) be the second derivative of m**4/6 + m**3 + 5*m**2 + 9*m. Let v be y(-6). Let z = v + -17. List the prime factors of z.
29
Let m(s) = 17*s + 2. Let n be m(1). Let d = -19 + n. Suppose 0 = -v - 4*z + 1, -3*v - v + 4*z + 24 = d. List the prime factors of v.
5
Let o = -581 + 1502. List the prime factors of o.
3, 307
Let w(a) = -a**3 - a**2 + 11. Let x be w(0). Suppose -6*f = -x*f + 485. What are the prime factors of f?
97
Let k = 4 - -62. Let d = k + 8. List the prime factors of d.
2, 37
Suppose -2*y + 220 = 2*y. Suppose y = 3*h + 4. Suppose -3*b - h = -4*b. What are the prime factors of b?
17
Let q(c) = 6*c**2 + c + 1. Let t be q(2). Let a be (1 + 2)*45/t. Suppose 0 = -m - a*f, 0 = 4*m - 0*f + 2*f - 18. What are the prime factors of m?
5
Let m be 13/65*(0 + 5). What are the prime factors of 12/(1 + 0) + m?
13
Suppose 0 = 6*w - w. Suppose w = -f + 5*v + 3, -2*f - 3*f = 2*v - 15. Suppose -7*q = -f*q + 4*y - 24, -3*q = 5*y - 20. What are the prime factors of q?
5
Let k(m) = -m - 1. Let f(z) = z**2 - 2*z - 10. Let l(v) = f(v) - 5*k(v). Let a be l(-5). Suppose a*h - h = 84. What are the prime factors of h?
3, 7
Suppose -3675 - 2130 = -9*j. List the prime factors of j.
3, 5, 43
Suppose k + 7*k + 2*k = 0. Let s = 0 + 0. Suppose s = -k*l - l + 24. What are the prime factors of l?
2, 3
Let f = -140 - -47. Let h = 124 + f. What are the prime factors of h?
31
Let u(h) = -h**2 - 4*h - 1. Let c be u(-3). Suppose -150 = -c*n - 0*n. What are the prime factors of n?
3, 5
Let h be -2 - -23 - (-11 + 12). Suppose -v = 5*y + 4*v - 410, 170 = 2*y + 5*v. Suppose -2*s - h + y = 5*w, -5*s = 2*w - 24. List the prime factors of w.
2, 3
Let j = 1 + 3. Suppose j*h = 4, 2*l + 4 = 5*h + 7. Suppose l = 3*t - 8. What are the prime factors of t?
2
Suppose -x + 1304 = -2*s, -6511 = -7*x + 2*x + s. What are the prime factors of x?
2, 3, 7, 31
Let n = 6 - 12. Let l = n - -9. Suppose 2*m + 0*m = l*q - 61, 0 = -4*q + m + 73. What are the prime factors of q?
17
Suppose -5*s + 0*q + 525 = -4*q, -5*s = -5*q - 520. Let i = s + -44. What are the prime factors of i?
5, 13
Let t(h) = 9*h + 34. Let g be t(7). Suppose 0 = -3*s - 5*q + 249, 3*q + g = -s + 2*s. What are the prime factors of s?
2, 11
List the prime factors of (-36625)/(-225) + 2/9.
163
Suppose -17 - 7 = -4*u. Let k(p) = -12*p**3 + 3*p**3 + 1 - p**2 + 10*p**3 - 4*p**2. List the prime factors of k(u).
37
What are the prime factors of (-260)/7*(-20 - -13)?
2, 5, 13
Let i(k) = -k**3 - 10*k**2 - 12*k - 12. Let q be i(-9). Suppose -5*j + q = -0. Suppose -j*c + 16 = c. What are the prime factors of c?
2
What are the prime factors of (-27 + 1273)/(-2*(-1 - 0))?
7, 89
Let d = 167 - 61. What are the prime factors of d?
2, 53
Let l(w) = -w**3 + 7*w**2 - 8*w + 8. Let q be l(5). Let h = 26 - q. What are the prime factors of h?
2
Let s = 16 - 16. Let g(k) = -k - 1. Let p(c) = 7*c - 46. Let a(l) = -6*g(l) - p(l). List the prime factors of a(s).
2, 13
Let t = 4664 - 1845. List the prime factors of t.
2819
Let v(m) = m + 1. Let h(o) = -18. Let c(q) = 3*h(q) + 45*v(q). What are the prime factors of c(2)?
3
Let w be (8/(-4) - -5) + 220/(-2). Let x = -34 - w. List the prime factors of x.
73
Suppose -4*x + 5*o + 1874 = 0, 0*o = -5*x + o + 2353. What are the prime factors of x?
3, 157
Let d = 608 - 246. What are the prime factors of d?
2, 181
Let a(l) = -6 - 9*l + 2*l**2 + 14*l - 9*l. What are the prime factors of a(-6)?
2, 3, 5
Suppose 23*s + 18891 = 32*s. What are the prime factors of s?
2099
What are the prime factors of (8/20)/(-1) - (-1376)/40?
2, 17
Suppose -5*z - 3*s = -8*z + 618, -4*z + 822 = -2*s. What are the prime factors of z?
5, 41
Suppose -2*c - 558 = -3*n + 776, -3*n - 2*c = -1342. List the prime factors of n.
2, 223
Let b(t) be the third derivative of -t**5/12 + t**4/8 - t**3/2 + 2*t**2. Let j be b(2). Let s = 6 - j. List the prime factors of s.
23
Suppose -h - 20 = -5*h. Let q(k) = -k**2 + 0*k**3 + 6 + 5*k**2 + 5*k + 0*k**3 - k**3. What are the prime factors of q(h)?
2, 3
Let t = -193 + 597. What are the prime factors of t?
2, 101
Suppose -3*a - a - 369 = 5*q, -a + 3*q = 71. Let j = -55 - a. What are the prime factors of j?
31
Let c(u) = 42*u - 22. Let p be c(5). What are the prime factors of p - 6/10*5?
5, 37
Suppose 2*x = -2, 7*f = 4*f + x + 3421. List the prime factors of f.
2, 3, 5, 19
Let g(k) = -3*k**2 + 106*k - 100*k + 0*k**2 + 4*k**2 - 14. List the prime factors of g(-13).
7, 11
List the prime factors of (-6137)/(-34) - 1/(-2).
181
Let y(d) = -d**2 - 5*d + 20. Let x(z) = z**2 + 4*z - 20. Let i(a) = 4*x(a) + 3*y(a). What are the prime factors of i(7)?
2, 3
Suppose 0 = 6*t + 30*t - 40212. List the prime factors of t.
1117
Let w(z) = -90*z - 30. What are the prime factors of w(-7)?
2, 3, 5
Suppose -18024 = -m - 7*m. List the prime factors of m.
3, 751
Let p = -2059 + 3058. What are the prime factors of p?
3, 37
Suppose 7*g + 2 = 8*g. Suppose g*r + 5*i - 2*i - 183 = 0, -2*r + 2*i = -188. List the prime factors of r.
3, 31
Let y(m) = 678*m + 71. What are the prime factors of y(3)?
5, 421
Suppose o + 11 = -0*o - m, -3 = -3*m. Let g = o + 90. What are the prime factors of g?
2, 3, 13
Let g = -1085 - -2137. List the prime factors of g.
2, 263
Let z(i) = i**2 - 5*i - 1168. Let k be z(0). What are the prime factors of k/(-10) - 18/(-90)?
3, 13
Let k(i) = 5*i - 10. Let u(r) = -38*r + 14*r + 48 + 2. Let s(a) = 14*k(a) + 3*u(a). List the prime factors of s(-7).
2, 3
Let m = 75 - 183. Let v = -45 - m. What are the prime factors of ((-6)/(-9))/(6/v)?
7
Let n(a) = -28*a + 3. Let k be n(-3). Let v be 1/3 + -4 + (-408)/9. Let j = k + v. List the prime factors of j.
2, 19
Let d be (3 - 4) + 10 + -1. Let v = 18 + -13. Let c = d - v. List the prime factors of c.
3
Let y = -271 - -269. Let q(x) = -x**3 + x**2 + x - 1. Let p(j) = 2*j - 2. Let s(w) = -p(w) + 2*q(w). List the prime factors of s(y).
2, 3
Suppose -9*a - 2473 + 53746 = 0. List the prime factors of a.
3, 211
Let o be (-93)/(-2) - (-4)/(-8). List the prime factors of 0/(2 - (-2 + 3)) + o.
2, 23
Suppose -8*q + 10007 = 2503. What are the prime factors of q?
2, 7, 67
Let p be 2/1 + 255 + -5 + -4. Let t = p + -141. What are the prime factors of t?
107
Suppose -2*d = d - 15. Let q(t) = t**3 - 5*t**2 - 5*t + 3. Let p be q(d). Let s = 15 - p. List the prime factors of s.
37
Suppose -32*t + 34*t = 6. Suppose -23 = -3*v - 5*a, -4*a + 1 = -t. List the prime factors of v.
2, 3
Suppose 17637 = 15*z + 2277. What are the prime factors of z/34 - 42/357?
2, 3, 5
Let f be -2 + -144 + (-4)/(5 - 1). Let w = 225 + f. What are the prime factors of w?
2, 3, 13
Suppose 6*i - 19*i + 4693 = 0. What are the prime factors of i?
19
Let s(o) = -o**3 + 24*o**2 - 3*o + 36. Let t be s(24). Let m = 79 + t. List the prime factors of m.
43
Suppose r - 5*r - 60 = 0. Let c = 73 + r. List the prime factors of c.
2, 29
Suppose 1120 + 1625 = 5*y. Let p = -389 + y. What are the prime factors of p?
2, 5
Let y be (11/22)/(1/(422/1)). Let h = -9 + y. List the prime factors of h.
2, 101
Let p(z) = -z + 15. Let q be p(0). Let k = q + -18. Let d = k + 8. What are the prime factors of d?
5
Let a(k) = 4*k + 10. Suppose 3*q + 2*q = -o + 26, 0 = 4*o - 4. What are the prime factors of a(q)?
2, 3, 5
Let p(r) = -r**3 - 4*r**2 - 4*r + 1. Let o(b) = -b**3 - 4*b**2 + 2*b + 5. Let d be o(-4). Let w be p(d). What are the prime factors of w/18 - 151/(-9)?
17
Let f(m) = 2*m**2 - 2*m - 3*m**2 - 13 + 3*m + 3*m**2. What are the prime factors of f(-6)?
53
Suppose 0*v + v - 19 = -5*d, 2*d + 10 = 4*v. Let f = -10 + v. Let t(y) = -6*y - 11. List the prime factors of t(f).
5
What are the prime factors of 192/(-24) 